{"id":1635,"date":"2023-09-01T16:01:51","date_gmt":"2023-09-01T16:01:51","guid":{"rendered":"https:\/\/xn--der-pftchenhof-0pb.de\/?page_id=1635"},"modified":"2023-09-23T07:22:42","modified_gmt":"2023-09-23T07:22:42","slug":"ein-tag-im-pfoetchenhof","status":"publish","type":"page","link":"https:\/\/xn--der-pftchenhof-0pb.de\/?page_id=1635","title":{"rendered":"Ein Tag im Pf\u00f6tchenhof"},"content":{"rendered":"\n<p>Wie ist der Tagesablauf und wie werden die Hund untergebracht ?<\/p>\n\n\n\n<p>Der Tag f\u00fcr die Pensionshunde beginnt morgens um 6:00 Uhr.<\/p>\n\n\n\n<p>Da geht es das erste Mal in den Freilauf , in dieser Zeit reinige ich die R\u00e4ume, erneuere das Wasser und stelle das Futter bereit.<\/p>\n\n\n\n<p>Wenn zwischen 7:00 und 8:00 Uhr die Tageshunde eintreffen, k\u00f6nnen die anderen in Ruhe ihr Fr\u00fchst\u00fcck verdauen.<\/p>\n\n\n\n<figure class=\"wp-block-gallery has-nested-images columns-default is-cropped wp-block-gallery-1 is-layout-flex wp-block-gallery-is-layout-flex\">\n<figure class=\"wp-block-image size-large\"><img fetchpriority=\"high\" decoding=\"async\" width=\"406\" height=\"1024\" data-id=\"1960\" src=\"https:\/\/xn--der-pftchenhof-0pb.de\/wp-content\/uploads\/2023\/09\/374636206_870551261249144_2029489578245692842_n-406x1024.jpg\" alt=\"\" class=\"wp-image-1960\" style=\"aspect-ratio:1;object-fit:cover\" srcset=\"https:\/\/xn--der-pftchenhof-0pb.de\/wp-content\/uploads\/2023\/09\/374636206_870551261249144_2029489578245692842_n-406x1024.jpg 406w, https:\/\/xn--der-pftchenhof-0pb.de\/wp-content\/uploads\/2023\/09\/374636206_870551261249144_2029489578245692842_n-119x300.jpg 119w, https:\/\/xn--der-pftchenhof-0pb.de\/wp-content\/uploads\/2023\/09\/374636206_870551261249144_2029489578245692842_n-768x1939.jpg 768w, https:\/\/xn--der-pftchenhof-0pb.de\/wp-content\/uploads\/2023\/09\/374636206_870551261249144_2029489578245692842_n-600x1515.jpg 600w, https:\/\/xn--der-pftchenhof-0pb.de\/wp-content\/uploads\/2023\/09\/374636206_870551261249144_2029489578245692842_n.jpg 811w\" sizes=\"(max-width: 406px) 100vw, 406px\" \/><\/figure>\n\n\n\n<figure class=\"wp-block-image size-large\"><img decoding=\"async\" width=\"813\" height=\"1024\" data-id=\"1928\" src=\"https:\/\/xn--der-pftchenhof-0pb.de\/wp-content\/uploads\/2023\/09\/325206189_1364089657676920_1603739630508393247_n-813x1024.jpg\" alt=\"\" class=\"wp-image-1928\" srcset=\"https:\/\/xn--der-pftchenhof-0pb.de\/wp-content\/uploads\/2023\/09\/325206189_1364089657676920_1603739630508393247_n-813x1024.jpg 813w, https:\/\/xn--der-pftchenhof-0pb.de\/wp-content\/uploads\/2023\/09\/325206189_1364089657676920_1603739630508393247_n-238x300.jpg 238w, https:\/\/xn--der-pftchenhof-0pb.de\/wp-content\/uploads\/2023\/09\/325206189_1364089657676920_1603739630508393247_n-768x967.jpg 768w, https:\/\/xn--der-pftchenhof-0pb.de\/wp-content\/uploads\/2023\/09\/325206189_1364089657676920_1603739630508393247_n-1220x1536.jpg 1220w, https:\/\/xn--der-pftchenhof-0pb.de\/wp-content\/uploads\/2023\/09\/325206189_1364089657676920_1603739630508393247_n-600x755.jpg 600w, https:\/\/xn--der-pftchenhof-0pb.de\/wp-content\/uploads\/2023\/09\/325206189_1364089657676920_1603739630508393247_n.jpg 1378w\" sizes=\"(max-width: 813px) 100vw, 813px\" \/><\/figure>\n\n\n\n<figure class=\"wp-block-image size-large\"><img decoding=\"async\" width=\"768\" height=\"1024\" data-id=\"1927\" src=\"https:\/\/xn--der-pftchenhof-0pb.de\/wp-content\/uploads\/2023\/09\/325200779_1366876114115913_6190720228152332084_n-768x1024.jpg\" alt=\"\" class=\"wp-image-1927\" srcset=\"https:\/\/xn--der-pftchenhof-0pb.de\/wp-content\/uploads\/2023\/09\/325200779_1366876114115913_6190720228152332084_n-768x1024.jpg 768w, https:\/\/xn--der-pftchenhof-0pb.de\/wp-content\/uploads\/2023\/09\/325200779_1366876114115913_6190720228152332084_n-225x300.jpg 225w, https:\/\/xn--der-pftchenhof-0pb.de\/wp-content\/uploads\/2023\/09\/325200779_1366876114115913_6190720228152332084_n-1152x1536.jpg 1152w, https:\/\/xn--der-pftchenhof-0pb.de\/wp-content\/uploads\/2023\/09\/325200779_1366876114115913_6190720228152332084_n-600x800.jpg 600w, https:\/\/xn--der-pftchenhof-0pb.de\/wp-content\/uploads\/2023\/09\/325200779_1366876114115913_6190720228152332084_n.jpg 1536w\" sizes=\"(max-width: 768px) 100vw, 768px\" \/><\/figure>\n\n\n\n<figure class=\"wp-block-image size-large\"><img loading=\"lazy\" decoding=\"async\" width=\"1024\" height=\"946\" data-id=\"1944\" src=\"https:\/\/xn--der-pftchenhof-0pb.de\/wp-content\/uploads\/2023\/09\/325387740_718293742974281_1712064096700443701_n-1024x946.jpg\" alt=\"\" class=\"wp-image-1944\" srcset=\"https:\/\/xn--der-pftchenhof-0pb.de\/wp-content\/uploads\/2023\/09\/325387740_718293742974281_1712064096700443701_n-1024x946.jpg 1024w, https:\/\/xn--der-pftchenhof-0pb.de\/wp-content\/uploads\/2023\/09\/325387740_718293742974281_1712064096700443701_n-300x277.jpg 300w, https:\/\/xn--der-pftchenhof-0pb.de\/wp-content\/uploads\/2023\/09\/325387740_718293742974281_1712064096700443701_n-768x709.jpg 768w, https:\/\/xn--der-pftchenhof-0pb.de\/wp-content\/uploads\/2023\/09\/325387740_718293742974281_1712064096700443701_n-600x554.jpg 600w, https:\/\/xn--der-pftchenhof-0pb.de\/wp-content\/uploads\/2023\/09\/325387740_718293742974281_1712064096700443701_n.jpg 1403w\" sizes=\"(max-width: 1024px) 100vw, 1024px\" \/><\/figure>\n<\/figure>\n\n\n\n<p><br>Im Tagesverlauf sind die Hunde meistens um mich rum.<br>Ja nach Vertr\u00e4glichkeit, einzeln oder in kleinen Gruppen.<\/p>\n\n\n\n<p>Bei sch\u00f6nen Wetter viel Drau\u00dfen, bei schlechtem im Haus (K\u00fcche\/B\u00fcro), im Hundespielzimmer oder auf der Diele.<\/p>\n\n\n\n<figure class=\"wp-block-gallery has-nested-images columns-default is-cropped wp-block-gallery-2 is-layout-flex wp-block-gallery-is-layout-flex\">\n<figure class=\"wp-block-image size-large\"><img loading=\"lazy\" decoding=\"async\" width=\"918\" height=\"1024\" data-id=\"1967\" src=\"https:\/\/xn--der-pftchenhof-0pb.de\/wp-content\/uploads\/2023\/09\/375749651_870551357915801_3197146276678388973_n-918x1024.jpg\" alt=\"\" class=\"wp-image-1967\" srcset=\"https:\/\/xn--der-pftchenhof-0pb.de\/wp-content\/uploads\/2023\/09\/375749651_870551357915801_3197146276678388973_n-918x1024.jpg 918w, https:\/\/xn--der-pftchenhof-0pb.de\/wp-content\/uploads\/2023\/09\/375749651_870551357915801_3197146276678388973_n-269x300.jpg 269w, https:\/\/xn--der-pftchenhof-0pb.de\/wp-content\/uploads\/2023\/09\/375749651_870551357915801_3197146276678388973_n-768x857.jpg 768w, https:\/\/xn--der-pftchenhof-0pb.de\/wp-content\/uploads\/2023\/09\/375749651_870551357915801_3197146276678388973_n-1376x1536.jpg 1376w, https:\/\/xn--der-pftchenhof-0pb.de\/wp-content\/uploads\/2023\/09\/375749651_870551357915801_3197146276678388973_n-600x670.jpg 600w, https:\/\/xn--der-pftchenhof-0pb.de\/wp-content\/uploads\/2023\/09\/375749651_870551357915801_3197146276678388973_n.jpg 1835w\" sizes=\"(max-width: 918px) 100vw, 918px\" \/><\/figure>\n\n\n\n<figure class=\"wp-block-image size-large\"><img loading=\"lazy\" decoding=\"async\" width=\"706\" height=\"814\" data-id=\"1956\" src=\"https:\/\/xn--der-pftchenhof-0pb.de\/wp-content\/uploads\/2023\/09\/340096944_191579600324359_6056081780904384564_n.jpg\" alt=\"\" class=\"wp-image-1956\" srcset=\"https:\/\/xn--der-pftchenhof-0pb.de\/wp-content\/uploads\/2023\/09\/340096944_191579600324359_6056081780904384564_n.jpg 706w, https:\/\/xn--der-pftchenhof-0pb.de\/wp-content\/uploads\/2023\/09\/340096944_191579600324359_6056081780904384564_n-260x300.jpg 260w, https:\/\/xn--der-pftchenhof-0pb.de\/wp-content\/uploads\/2023\/09\/340096944_191579600324359_6056081780904384564_n-600x692.jpg 600w\" sizes=\"(max-width: 706px) 100vw, 706px\" \/><\/figure>\n\n\n\n<figure class=\"wp-block-image size-large\"><img loading=\"lazy\" decoding=\"async\" width=\"768\" height=\"1024\" data-id=\"1940\" src=\"https:\/\/xn--der-pftchenhof-0pb.de\/wp-content\/uploads\/2023\/09\/325293253_970590640597144_4564561643713571952_n-768x1024.jpg\" alt=\"\" class=\"wp-image-1940\" srcset=\"https:\/\/xn--der-pftchenhof-0pb.de\/wp-content\/uploads\/2023\/09\/325293253_970590640597144_4564561643713571952_n-768x1024.jpg 768w, https:\/\/xn--der-pftchenhof-0pb.de\/wp-content\/uploads\/2023\/09\/325293253_970590640597144_4564561643713571952_n-225x300.jpg 225w, https:\/\/xn--der-pftchenhof-0pb.de\/wp-content\/uploads\/2023\/09\/325293253_970590640597144_4564561643713571952_n-1152x1536.jpg 1152w, https:\/\/xn--der-pftchenhof-0pb.de\/wp-content\/uploads\/2023\/09\/325293253_970590640597144_4564561643713571952_n-600x800.jpg 600w, https:\/\/xn--der-pftchenhof-0pb.de\/wp-content\/uploads\/2023\/09\/325293253_970590640597144_4564561643713571952_n.jpg 1536w\" sizes=\"(max-width: 768px) 100vw, 768px\" \/><\/figure>\n<\/figure>\n\n\n\n<p><br>Nat\u00fcrlich geht es zwischendurch immer wieder in den Freilauf.<br>Einige Aussenh\u00e4user haben eigene Freil\u00e4ufe. So kann Ihr Tier selbst entscheiden, ob es sich draussen oder innen aufhalten m\u00f6chte.<\/p>\n\n\n\n<p>Gegen 17:30 gibt es wieder Futter und Verdauungszeiten, und die Tageshunde werden abgeholt.<\/p>\n\n\n\n<p>Der letzte Gang am Abend in den Freilauf ist meist gegen 21:30 Uhr.<\/p>\n\n\n\n<p>Nachts bekommt jeder Hund (Ausnahmen sind zusammengeh\u00f6rende Rudel) ein Einzelzimmer im Wohnhaus oder in den Au\u00dfenh\u00e4usern.<br>Diese Zimmer sind immer wie ein Wohnzimmer eingerichtet, also mit Couch&nbsp;und oder Bett, Radio\/TV etc.&nbsp;Alle Zimmer haben Tageslicht und Heizung.<\/p>\n\n\n\n<p>So merkt ihr tierischer Freund gar nicht, dass er nicht Zuhause ist.<\/p>\n\n\n\n<div class=\"wp-block-columns is-layout-flex wp-container-core-columns-layout-1 wp-block-columns-is-layout-flex\">\n<div class=\"wp-block-column is-layout-flow wp-block-column-is-layout-flow\" style=\"flex-basis:100%\">\n<div class=\"wp-block-uagb-container uagb-block-2ddb3a88 alignwide uagb-is-root-container\">\n<div class=\"wp-block-uagb-container uagb-block-7289b090\">\n<figure class=\"wp-block-video\" style=\"margin-top:var(--wp--preset--spacing--20);margin-right:var(--wp--preset--spacing--20);margin-bottom:var(--wp--preset--spacing--20);margin-left:var(--wp--preset--spacing--20);padding-top:var(--wp--preset--spacing--20);padding-right:var(--wp--preset--spacing--20);padding-bottom:var(--wp--preset--spacing--20);padding-left:var(--wp--preset--spacing--20)\"><video controls src=\"https:\/\/xn--der-pftchenhof-0pb.de\/wp-content\/uploads\/2023\/09\/WhatsApp-Video-2023-09-01-um-20.28.42_1-2.mp4\"><\/video><\/figure>\n<\/div>\n\n\n\n<div class=\"wp-block-uagb-container uagb-block-24510260\">\n<figure class=\"wp-block-video\" style=\"margin-top:var(--wp--preset--spacing--20);margin-right:var(--wp--preset--spacing--20);margin-bottom:var(--wp--preset--spacing--20);margin-left:var(--wp--preset--spacing--20);padding-top:var(--wp--preset--spacing--20);padding-right:var(--wp--preset--spacing--20);padding-bottom:var(--wp--preset--spacing--20);padding-left:var(--wp--preset--spacing--20)\"><video controls src=\"https:\/\/xn--der-pftchenhof-0pb.de\/wp-content\/uploads\/2023\/09\/WhatsApp-Video-2023-09-01-um-20.30.03_1-1.mp4\"><\/video><\/figure>\n<\/div>\n\n\n\n<div class=\"wp-block-uagb-container uagb-block-f87e0c8c\">\n<figure class=\"wp-block-video\" style=\"margin-top:var(--wp--preset--spacing--20);margin-right:var(--wp--preset--spacing--20);margin-bottom:var(--wp--preset--spacing--20);margin-left:var(--wp--preset--spacing--20);padding-top:var(--wp--preset--spacing--20);padding-right:var(--wp--preset--spacing--20);padding-bottom:var(--wp--preset--spacing--20);padding-left:var(--wp--preset--spacing--20)\"><video controls src=\"https:\/\/xn--der-pftchenhof-0pb.de\/wp-content\/uploads\/2023\/09\/WhatsApp-Video-2023-09-01-um-20.31.55_1-1.mp4\"><\/video><\/figure>\n<\/div>\n\n\n\n<div class=\"wp-block-uagb-container uagb-block-5ceeaac2\">\n<figure class=\"wp-block-video\" style=\"margin-top:var(--wp--preset--spacing--20);margin-right:var(--wp--preset--spacing--20);margin-bottom:var(--wp--preset--spacing--20);margin-left:var(--wp--preset--spacing--20);padding-top:var(--wp--preset--spacing--20);padding-right:var(--wp--preset--spacing--20);padding-bottom:var(--wp--preset--spacing--20);padding-left:var(--wp--preset--spacing--20)\"><video controls src=\"https:\/\/xn--der-pftchenhof-0pb.de\/wp-content\/uploads\/2023\/09\/WhatsApp-Video-2023-09-01-um-20.32.42_1-1.mp4\"><\/video><\/figure>\n<\/div>\n\n\n\n<div class=\"wp-block-uagb-container uagb-block-82bdcacc\"><\/div>\n\n\n\n<div class=\"wp-block-uagb-container uagb-block-877a95a6\"><\/div>\n<\/div>\n<\/div>\n<\/div>\n","protected":false},"excerpt":{"rendered":"<p>Wie ist der Tagesablauf und wie werden die Hund untergebracht ? Der Tag f\u00fcr die Pensionshunde beginnt morgens um 6:00 Uhr. Da geht es das erste Mal in den Freilauf &hellip;<\/p>\n<p class=\"read-more\"> <a class=\"\" href=\"https:\/\/xn--der-pftchenhof-0pb.de\/?page_id=1635\"> <span class=\"screen-reader-text\">Ein Tag im Pf\u00f6tchenhof<\/span> Weiterlesen &raquo;<\/a><\/p>\n","protected":false},"author":1,"featured_media":0,"parent":0,"menu_order":0,"comment_status":"closed","ping_status":"closed","template":"","meta":{"_surecart_dashboard_logo_width":"180px","_surecart_dashboard_show_logo":true,"_surecart_dashboard_navigation_orders":true,"_surecart_dashboard_navigation_subscriptions":true,"_surecart_dashboard_navigation_downloads":true,"_surecart_dashboard_navigation_billing":true,"_surecart_dashboard_navigation_account":true,"_uag_custom_page_level_css":"","site-sidebar-layout":"default","site-content-layout":"","ast-site-content-layout":"default","site-content-style":"default","site-sidebar-style":"default","ast-global-header-display":"","ast-banner-title-visibility":"","ast-main-header-display":"","ast-hfb-above-header-display":"","ast-hfb-below-header-display":"","ast-hfb-mobile-header-display":"","site-post-title":"","ast-breadcrumbs-content":"","ast-featured-img":"","footer-sml-layout":"","theme-transparent-header-meta":"","adv-header-id-meta":"","stick-header-meta":"","header-above-stick-meta":"","header-main-stick-meta":"","header-below-stick-meta":"","astra-migrate-meta-layouts":"set","ast-page-background-enabled":"default","ast-page-background-meta":{"desktop":{"background-color":"","background-image":"","background-repeat":"repeat","background-position":"center center","background-size":"auto","background-attachment":"scroll","background-type":"","background-media":"","overlay-type":"","overlay-color":"","overlay-gradient":""},"tablet":{"background-color":"","background-image":"","background-repeat":"repeat","background-position":"center center","background-size":"auto","background-attachment":"scroll","background-type":"","background-media":"","overlay-type":"","overlay-color":"","overlay-gradient":""},"mobile":{"background-color":"","background-image":"","background-repeat":"repeat","background-position":"center center","background-size":"auto","background-attachment":"scroll","background-type":"","background-media":"","overlay-type":"","overlay-color":"","overlay-gradient":""}},"ast-content-background-meta":{"desktop":{"background-color":"var(--ast-global-color-5)","background-image":"","background-repeat":"repeat","background-position":"center center","background-size":"auto","background-attachment":"scroll","background-type":"","background-media":"","overlay-type":"","overlay-color":"","overlay-gradient":""},"tablet":{"background-color":"var(--ast-global-color-5)","background-image":"","background-repeat":"repeat","background-position":"center center","background-size":"auto","background-attachment":"scroll","background-type":"","background-media":"","overlay-type":"","overlay-color":"","overlay-gradient":""},"mobile":{"background-color":"var(--ast-global-color-5)","background-image":"","background-repeat":"repeat","background-position":"center center","background-size":"auto","background-attachment":"scroll","background-type":"","background-media":"","overlay-type":"","overlay-color":"","overlay-gradient":""}},"footnotes":"","_vp_format_video_url":"","_vp_image_focal_point":[]},"aioseo_notices":[],"uagb_featured_image_src":{"full":false,"thumbnail":false,"medium":false,"medium_large":false,"large":false,"1536x1536":false,"2048x2048":false,"vp_sm":false,"vp_md":false,"vp_lg":false,"vp_xl":false,"vp_sm_popup":false,"vp_md_popup":false,"vp_xl_popup":false,"woocommerce_thumbnail":false,"woocommerce_single":false,"woocommerce_gallery_thumbnail":false},"uagb_author_info":{"display_name":"admin","author_link":"https:\/\/xn--der-pftchenhof-0pb.de\/?author=1"},"uagb_comment_info":0,"uagb_excerpt":"Wie ist der Tagesablauf und wie werden die Hund untergebracht ? Der Tag f\u00fcr die Pensionshunde beginnt morgens um 6:00 Uhr. Da geht es das erste Mal in den Freilauf &hellip; Ein Tag im Pf\u00f6tchenhof Weiterlesen &raquo;","_links":{"self":[{"href":"https:\/\/xn--der-pftchenhof-0pb.de\/index.php?rest_route=\/wp\/v2\/pages\/1635"}],"collection":[{"href":"https:\/\/xn--der-pftchenhof-0pb.de\/index.php?rest_route=\/wp\/v2\/pages"}],"about":[{"href":"https:\/\/xn--der-pftchenhof-0pb.de\/index.php?rest_route=\/wp\/v2\/types\/page"}],"author":[{"embeddable":true,"href":"https:\/\/xn--der-pftchenhof-0pb.de\/index.php?rest_route=\/wp\/v2\/users\/1"}],"replies":[{"embeddable":true,"href":"https:\/\/xn--der-pftchenhof-0pb.de\/index.php?rest_route=%2Fwp%2Fv2%2Fcomments&post=1635"}],"version-history":[{"count":19,"href":"https:\/\/xn--der-pftchenhof-0pb.de\/index.php?rest_route=\/wp\/v2\/pages\/1635\/revisions"}],"predecessor-version":[{"id":2167,"href":"https:\/\/xn--der-pftchenhof-0pb.de\/index.php?rest_route=\/wp\/v2\/pages\/1635\/revisions\/2167"}],"wp:attachment":[{"href":"https:\/\/xn--der-pftchenhof-0pb.de\/index.php?rest_route=%2Fwp%2Fv2%2Fmedia&parent=1635"}],"curies":[{"name":"wp","href":"https:\/\/api.w.org\/{rel}","templated":true}]}}