{"id":1042,"date":"2020-09-18T09:57:03","date_gmt":"2020-09-18T09:57:03","guid":{"rendered":"https:\/\/xn--der-pftchenhof-0pb.de\/?page_id=1042"},"modified":"2023-09-22T10:13:05","modified_gmt":"2023-09-22T10:13:05","slug":"about-me","status":"publish","type":"page","link":"https:\/\/xn--der-pftchenhof-0pb.de\/?page_id=1042","title":{"rendered":"\u00dcber mich"},"content":{"rendered":"\n<div class=\"wp-block-uagb-advanced-heading uagb-block-b2283461\"><h2 class=\"uagb-heading-text\"><br><\/h2><\/div>\n\n\n\n<figure class=\"wp-block-image size-full\"><img fetchpriority=\"high\" decoding=\"async\" width=\"700\" height=\"500\" src=\"https:\/\/xn--der-pftchenhof-0pb.de\/wp-content\/uploads\/2023\/08\/539416_3459140211283_1337926031_n.jpg\" alt=\"\" class=\"wp-image-1523\" srcset=\"https:\/\/xn--der-pftchenhof-0pb.de\/wp-content\/uploads\/2023\/08\/539416_3459140211283_1337926031_n.jpg 700w, https:\/\/xn--der-pftchenhof-0pb.de\/wp-content\/uploads\/2023\/08\/539416_3459140211283_1337926031_n-600x429.jpg 600w, https:\/\/xn--der-pftchenhof-0pb.de\/wp-content\/uploads\/2023\/08\/539416_3459140211283_1337926031_n-300x214.jpg 300w\" sizes=\"(max-width: 700px) 100vw, 700px\" \/><\/figure>\n\n\n\n<div class=\"wp-block-uagb-container uagb-block-ea92ffd7 alignfull uagb-is-root-container\"><div class=\"uagb-container-inner-blocks-wrap\">\n<div class=\"wp-block-uagb-advanced-heading uagb-block-17431ca5\"><h2 class=\"uagb-heading-text\">Meine Story<br><\/h2><\/div>\n\n\n\n<div class=\"wp-block-uagb-container uagb-block-241e8600\">\n<div class=\"wp-block-uagb-container uagb-block-8e6301d2\">\n<p><br><strong>Mein Name ist Verena Klesper und ich wurde 1966 im sch\u00f6nen M\u00fcnster geboren.<br>Die ersten Jahre meines Lebens verbrachte ich mit meinen Eltern in Gelsenkirchen, was jedoch 1972 dann mit einem Umzug in das Kalletal endete.<br><br>Schon im Alter von drei Jahren &#8222;stahl&#8220; ich vor dem Supermarkt angebundene Hunde, um mit ihnen &#8222;Gassi&#8220; zu gehen. (Nicht immer zur Freude der Besitzer).<br><br>Mit sieben Jahren bekam ich dann endlich meinen ersten Hund, eine super liebe Dalmatiner H\u00fcndin, Names Gina.<br><br>Von da ab waren Tiere der Mittelpunkt in meinem Leben.<br>Unter gro\u00dfem Jubel meiner Eltern brachte ich immer wieder kleine &#8222;Findelkinder&#8220; ( auch Molche und Kr\u00f6ten ) mit nach Hause.<br><br>Pferde und Hunde begleiteten mich st\u00e4ndig und so kam ich auch zum Tierschutz.<br>Alle meine Tiere stammten aus Tierschutzf\u00e4llen.<\/strong><\/p>\n\n\n\n<p><strong>So kam auch die Idee f\u00fcr den Pf\u00f6tchenhof. Bei der Tierhilfe Malaga war ich einige Jahre ehrenamtlich t\u00e4tig. In dieser Zeit waren viele Hunde bei mir und warteten auf nette Menschen, die ihnen eine Chance geben wollten.<\/strong><\/p>\n\n\n\n<p><strong>Immer wieder die Frage:  &#8222;Aber was machen wir, wenn wir mal in den Urlaub wollen?\u201c<\/strong><\/p>\n\n\n\n<p><strong>Meine eigenen Hunde h\u00e4tte ich auch niemals in einen Zwinger gegeben.<\/strong><\/p>\n\n\n\n<p><strong>Es musste also ein Ort her, in dem die Tiere sicher waren, wirklich gut aufgehoben und ich m\u00f6glichst auch davon leben konnte.<\/strong><\/p>\n\n\n\n<p><strong>Ganz liebe Freunde haben hier das Grundst\u00fcck gekauft und mir zur Verf\u00fcgung gestellt. So wurde 2009 Barntrup mein Zuhause.<\/strong><\/p>\n\n\n\n<p><strong>Immer weiter wird seitdem erneuert, versch\u00f6nert und erg\u00e4nzt.<\/strong><\/p>\n\n\n\n<p><strong>2024 feiern wir unser 15 j\u00e4hriges bestehen, gerne mit Euch.<\/strong><\/p>\n\n\n\n<p><strong>N\u00e4heres dazu ist demn\u00e4chst in den NEWS !<\/strong><\/p>\n\n\n\n<p><strong>Danke an Joachim f\u00fcr die Hilfe mit der Homepage!<\/strong><\/p>\n<\/div>\n<\/div>\n<\/div><\/div>\n\n\n\n<div class=\"wp-block-uagb-container uagb-block-e95f7479 alignfull uagb-is-root-container\"><div class=\"uagb-container-inner-blocks-wrap\">\n<div class=\"wp-block-uagb-container uagb-block-b5f7062c\"><\/div>\n\n\n\n<div class=\"wp-block-uagb-container uagb-block-3a904821\"><\/div>\n\n\n\n<div class=\"wp-block-uagb-container uagb-block-e362e1ce\"><\/div>\n\n\n\n<div class=\"wp-block-uagb-container uagb-block-3aa3b31e\"><\/div>\n\n\n\n<div class=\"wp-block-uagb-container uagb-block-1962ffc5\"><\/div>\n<\/div><\/div>\n","protected":false},"excerpt":{"rendered":"<p>Meine Story Mein Name ist Verena Klesper und ich wurde 1966 im sch\u00f6nen M\u00fcnster geboren.Die ersten Jahre meines Lebens verbrachte ich mit meinen Eltern in Gelsenkirchen, was jedoch 1972 dann &hellip;<\/p>\n<p class=\"read-more\"> <a class=\"\" href=\"https:\/\/xn--der-pftchenhof-0pb.de\/?page_id=1042\"> <span class=\"screen-reader-text\">\u00dcber mich<\/span> Weiterlesen &raquo;<\/a><\/p>\n","protected":false},"author":1,"featured_media":0,"parent":0,"menu_order":0,"comment_status":"closed","ping_status":"closed","template":"","meta":{"_surecart_dashboard_logo_width":"180px","_surecart_dashboard_show_logo":true,"_surecart_dashboard_navigation_orders":true,"_surecart_dashboard_navigation_subscriptions":true,"_surecart_dashboard_navigation_downloads":true,"_surecart_dashboard_navigation_billing":true,"_surecart_dashboard_navigation_account":true,"_uag_custom_page_level_css":"","site-sidebar-layout":"no-sidebar","site-content-layout":"plain-container","ast-site-content-layout":"normal-width-container","site-content-style":"unboxed","site-sidebar-style":"unboxed","ast-global-header-display":"","ast-banner-title-visibility":"","ast-main-header-display":"","ast-hfb-above-header-display":"","ast-hfb-below-header-display":"","ast-hfb-mobile-header-display":"","site-post-title":"disabled","ast-breadcrumbs-content":"","ast-featured-img":"disabled","footer-sml-layout":"","theme-transparent-header-meta":"default","adv-header-id-meta":"","stick-header-meta":"","header-above-stick-meta":"","header-main-stick-meta":"","header-below-stick-meta":"","astra-migrate-meta-layouts":"set","ast-page-background-enabled":"default","ast-page-background-meta":{"desktop":{"background-color":"","background-image":"","background-repeat":"repeat","background-position":"center center","background-size":"auto","background-attachment":"scroll","background-type":"","background-media":"","overlay-type":"","overlay-color":"","overlay-gradient":""},"tablet":{"background-color":"","background-image":"","background-repeat":"repeat","background-position":"center center","background-size":"auto","background-attachment":"scroll","background-type":"","background-media":"","overlay-type":"","overlay-color":"","overlay-gradient":""},"mobile":{"background-color":"","background-image":"","background-repeat":"repeat","background-position":"center center","background-size":"auto","background-attachment":"scroll","background-type":"","background-media":"","overlay-type":"","overlay-color":"","overlay-gradient":""}},"ast-content-background-meta":{"desktop":{"background-color":"var(--ast-global-color-5)","background-image":"","background-repeat":"repeat","background-position":"center center","background-size":"auto","background-attachment":"scroll","background-type":"","background-media":"","overlay-type":"","overlay-color":"","overlay-gradient":""},"tablet":{"background-color":"var(--ast-global-color-5)","background-image":"","background-repeat":"repeat","background-position":"center center","background-size":"auto","background-attachment":"scroll","background-type":"","background-media":"","overlay-type":"","overlay-color":"","overlay-gradient":""},"mobile":{"background-color":"var(--ast-global-color-5)","background-image":"","background-repeat":"repeat","background-position":"center center","background-size":"auto","background-attachment":"scroll","background-type":"","background-media":"","overlay-type":"","overlay-color":"","overlay-gradient":""}},"footnotes":"","_vp_format_video_url":"","_vp_image_focal_point":[]},"aioseo_notices":[],"uagb_featured_image_src":{"full":false,"thumbnail":false,"medium":false,"medium_large":false,"large":false,"1536x1536":false,"2048x2048":false,"vp_sm":false,"vp_md":false,"vp_lg":false,"vp_xl":false,"vp_sm_popup":false,"vp_md_popup":false,"vp_xl_popup":false,"woocommerce_thumbnail":false,"woocommerce_single":false,"woocommerce_gallery_thumbnail":false},"uagb_author_info":{"display_name":"admin","author_link":"https:\/\/xn--der-pftchenhof-0pb.de\/?author=1"},"uagb_comment_info":0,"uagb_excerpt":"Meine Story Mein Name ist Verena Klesper und ich wurde 1966 im sch\u00f6nen M\u00fcnster geboren.Die ersten Jahre meines Lebens verbrachte ich mit meinen Eltern in Gelsenkirchen, was jedoch 1972 dann &hellip; \u00dcber mich Weiterlesen &raquo;","_links":{"self":[{"href":"https:\/\/xn--der-pftchenhof-0pb.de\/index.php?rest_route=\/wp\/v2\/pages\/1042"}],"collection":[{"href":"https:\/\/xn--der-pftchenhof-0pb.de\/index.php?rest_route=\/wp\/v2\/pages"}],"about":[{"href":"https:\/\/xn--der-pftchenhof-0pb.de\/index.php?rest_route=\/wp\/v2\/types\/page"}],"author":[{"embeddable":true,"href":"https:\/\/xn--der-pftchenhof-0pb.de\/index.php?rest_route=\/wp\/v2\/users\/1"}],"replies":[{"embeddable":true,"href":"https:\/\/xn--der-pftchenhof-0pb.de\/index.php?rest_route=%2Fwp%2Fv2%2Fcomments&post=1042"}],"version-history":[{"count":18,"href":"https:\/\/xn--der-pftchenhof-0pb.de\/index.php?rest_route=\/wp\/v2\/pages\/1042\/revisions"}],"predecessor-version":[{"id":2049,"href":"https:\/\/xn--der-pftchenhof-0pb.de\/index.php?rest_route=\/wp\/v2\/pages\/1042\/revisions\/2049"}],"wp:attachment":[{"href":"https:\/\/xn--der-pftchenhof-0pb.de\/index.php?rest_route=%2Fwp%2Fv2%2Fmedia&parent=1042"}],"curies":[{"name":"wp","href":"https:\/\/api.w.org\/{rel}","templated":true}]}}

Über mich

<div class="wp-block-uagb-advanced-heading uagb-block-b2283461"><h2 class="uagb-heading-text"><br></h2></div>



<figure class="wp-block-image size-full"><img fetchpriority="high" decoding="async" width="700" height="500" src="https://xn--der-pftchenhof-0pb.de/wp-content/uploads/2023/08/539416_3459140211283_1337926031_n.jpg" alt="" class="wp-image-1523" srcset="https://xn--der-pftchenhof-0pb.de/wp-content/uploads/2023/08/539416_3459140211283_1337926031_n.jpg 700w, https://xn--der-pftchenhof-0pb.de/wp-content/uploads/2023/08/539416_3459140211283_1337926031_n-600x429.jpg 600w, https://xn--der-pftchenhof-0pb.de/wp-content/uploads/2023/08/539416_3459140211283_1337926031_n-300x214.jpg 300w" sizes="(max-width: 700px) 100vw, 700px" /></figure>



<div class="wp-block-uagb-container uagb-block-ea92ffd7 alignfull uagb-is-root-container"><div class="uagb-container-inner-blocks-wrap">
<div class="wp-block-uagb-advanced-heading uagb-block-17431ca5"><h2 class="uagb-heading-text">Meine Story<br></h2></div>



<div class="wp-block-uagb-container uagb-block-241e8600">
<div class="wp-block-uagb-container uagb-block-8e6301d2">
<p><br><strong>Mein Name ist Verena Klesper und ich wurde 1966 im schönen Münster geboren.<br>Die ersten Jahre meines Lebens verbrachte ich mit meinen Eltern in Gelsenkirchen, was jedoch 1972 dann mit einem Umzug in das Kalletal endete.<br><br>Schon im Alter von drei Jahren &#8222;stahl&#8220; ich vor dem Supermarkt angebundene Hunde, um mit ihnen &#8222;Gassi&#8220; zu gehen. (Nicht immer zur Freude der Besitzer).<br><br>Mit sieben Jahren bekam ich dann endlich meinen ersten Hund, eine super liebe Dalmatiner Hündin, Names Gina.<br><br>Von da ab waren Tiere der Mittelpunkt in meinem Leben.<br>Unter großem Jubel meiner Eltern brachte ich immer wieder kleine &#8222;Findelkinder&#8220; ( auch Molche und Kröten ) mit nach Hause.<br><br>Pferde und Hunde begleiteten mich ständig und so kam ich auch zum Tierschutz.<br>Alle meine Tiere stammten aus Tierschutzfällen.</strong></p>



<p><strong>So kam auch die Idee für den Pfötchenhof. Bei der Tierhilfe Malaga war ich einige Jahre ehrenamtlich tätig. In dieser Zeit waren viele Hunde bei mir und warteten auf nette Menschen, die ihnen eine Chance geben wollten.</strong></p>



<p><strong>Immer wieder die Frage:  &#8222;Aber was machen wir, wenn wir mal in den Urlaub wollen?“</strong></p>



<p><strong>Meine eigenen Hunde hätte ich auch niemals in einen Zwinger gegeben.</strong></p>



<p><strong>Es musste also ein Ort her, in dem die Tiere sicher waren, wirklich gut aufgehoben und ich möglichst auch davon leben konnte.</strong></p>



<p><strong>Ganz liebe Freunde haben hier das Grundstück gekauft und mir zur Verfügung gestellt. So wurde 2009 Barntrup mein Zuhause.</strong></p>



<p><strong>Immer weiter wird seitdem erneuert, verschönert und ergänzt.</strong></p>



<p><strong>2024 feiern wir unser 15 jähriges bestehen, gerne mit Euch.</strong></p>



<p><strong>Näheres dazu ist demnächst in den NEWS !</strong></p>



<p><strong>Danke an Joachim für die Hilfe mit der Homepage!</strong></p>
</div>
</div>
</div></div>



<div class="wp-block-uagb-container uagb-block-e95f7479 alignfull uagb-is-root-container"><div class="uagb-container-inner-blocks-wrap">
<div class="wp-block-uagb-container uagb-block-b5f7062c"></div>



<div class="wp-block-uagb-container uagb-block-3a904821"></div>



<div class="wp-block-uagb-container uagb-block-e362e1ce"></div>



<div class="wp-block-uagb-container uagb-block-3aa3b31e"></div>



<div class="wp-block-uagb-container uagb-block-1962ffc5"></div>
</div></div>

<p>Meine Story Mein Name ist Verena Klesper und ich wurde 1966 im schönen Münster geboren.Die ersten Jahre meines Lebens verbrachte ich mit meinen Eltern in Gelsenkirchen, was jedoch 1972 dann &hellip;</p>
<p class="read-more"> <a class="" href="https://xn--der-pftchenhof-0pb.de/?page_id=1042"> <span class="screen-reader-text">Über mich</span> Weiterlesen &raquo;</a></p>

Meine Story Mein Name ist Verena Klesper und ich wurde 1966 im schönen Münster geboren.Die ersten Jahre meines Lebens verbrachte ich mit meinen Eltern in Gelsenkirchen, was jedoch 1972 dann &hellip; Über mich Weiterlesen &raquo;
